{"id":92,"date":"2026-02-10T15:51:36","date_gmt":"2026-02-10T12:51:36","guid":{"rendered":"https:\/\/www.aktel1.com\/wp2026\/?page_id=92"},"modified":"2026-02-11T16:05:53","modified_gmt":"2026-02-11T13:05:53","slug":"aermod","status":"publish","type":"page","link":"https:\/\/www.aktel1.com\/wp2026\/aermod\/","title":{"rendered":"AERMOD VIEW &amp; HAVA KAL\u0130TES\u0130 DA\u011eILIM MODEL\u0130"},"content":{"rendered":"\n<p class=\"has-medium-font-size\"><strong><mark style=\"background-color:rgba(0, 0, 0, 0)\" class=\"has-inline-color has-ast-global-color-1-color\">AKTEL M\u00dcHEND\u0130SL\u0130K, AERMOD VIEW VE WEBLAKES \u00c7EVRESEL YAZILIMLARI T\u00dcRK\u0130YE VE ORTADO\u011eU D\u0130STR\u0130B\u0130T\u00d6R\u00dcD\u00dcR.<\/mark><\/strong><\/p>\n\n\n\n<figure class=\"wp-block-image size-full is-resized is-style-default\"><img loading=\"lazy\" decoding=\"async\" width=\"1400\" height=\"250\" src=\"https:\/\/www.aktel1.com\/wp2026\/wp-content\/uploads\/2026\/02\/YAZILIM_TUM_2015.jpg\" alt=\"\" class=\"wp-image-123\" style=\"aspect-ratio:5.595655546935609;width:1136px;height:auto\" srcset=\"https:\/\/www.aktel1.com\/wp2026\/wp-content\/uploads\/2026\/02\/YAZILIM_TUM_2015.jpg 1400w, https:\/\/www.aktel1.com\/wp2026\/wp-content\/uploads\/2026\/02\/YAZILIM_TUM_2015-300x54.jpg 300w, https:\/\/www.aktel1.com\/wp2026\/wp-content\/uploads\/2026\/02\/YAZILIM_TUM_2015-1024x183.jpg 1024w, https:\/\/www.aktel1.com\/wp2026\/wp-content\/uploads\/2026\/02\/YAZILIM_TUM_2015-768x137.jpg 768w\" sizes=\"auto, (max-width: 1400px) 100vw, 1400px\" \/><\/figure>\n\n\n\n<p>\u2013\u00a0<strong>20 Kas\u0131m 2024 tarihinde<\/strong>\u00a0EPA taraf\u0131ndan AERMOD ve AERMET i\u00e7in 24142 versiyonu revizyonu yapm\u0131\u015ft\u0131r.<\/p>\n\n\n\n<p>\u2013\u00a0<strong>20 Kas\u0131m 2024 tarihi itibari ile AERMOD View versiyon no 13.0\u00a0<\/strong>\u00a0<a href=\"https:\/\/www.aktel1.com\/tr\/images\/aktel_images\/lakes\/Genel_2026\/AERMOD_View_Release_Notes_V.13.0.pdf\" target=\"_blank\" rel=\"noreferrer noopener\">Detaylar i\u00e7in t\u0131klay\u0131n\u0131z<\/a>\u2026<\/p>\n\n\n\n<p>\u2013 E\u011fer Aermod View Yaz\u0131l\u0131m\u0131n\u0131z g\u00fcncel de\u011fil ise, yaz\u0131l\u0131m\u0131n\u0131z\u0131 g\u00fcncellemek, teknik destek&nbsp; ve fiyat bilgileri i\u00e7in&nbsp;<a href=\"mailto:info@aktel1.com\">info@aktel1.com<\/a>&nbsp;ile irtibat sa\u011flay\u0131n\u0131z.<\/p>\n\n\n\n<figure class=\"wp-block-table\"><table class=\"has-fixed-layout\"><tbody><tr><td class=\"has-text-align-left\" data-align=\"left\"><mark style=\"background-color:rgba(0, 0, 0, 0)\" class=\"has-inline-color has-ast-global-color-1-color\"><strong>S\u0130PAR\u0130\u015e FORMLARI:<br><\/strong><\/mark><a href=\"https:\/\/www.aktel1.com\/tr\/images\/aktel_images\/lakes\/2026\/1_AERMOD_YAZILIM_SIPARIS_2026.pdf\" target=\"_blank\" rel=\"noreferrer noopener\">Aermod View <strong>YAZILIM<\/strong> Sipari\u015f Formu \u0130ndir<\/a>&nbsp;<br><a href=\"https:\/\/www.aktel1.com\/tr\/images\/aktel_images\/lakes\/2026\/2_AERMOD_YAZILIM_GUNCELLEME_SIPARIS_FORMU_2026.pdf\" target=\"_blank\" rel=\"noreferrer noopener\">Aermod View Yaz\u0131l\u0131m&nbsp;<strong>G\u00dcNCELLEME<\/strong>&nbsp;Sipari\u015f Formu<\/a>&nbsp;<br><a href=\"https:\/\/www.aktel1.com\/tr\/images\/aktel_images\/lakes\/2026\/5_AERMOD_EGITIM_SIPARIS_2026.pdf\" target=\"_blank\" rel=\"noreferrer noopener\">Aermod View <strong>E\u011e\u0130T\u0130M<\/strong> Sipari\u015f Formu \u0130ndir<\/a>&nbsp;<br><a href=\"https:\/\/www.aktel1.com\/tr\/images\/aktel_images\/lakes\/2026\/3_AERMOD_RAPOR_SIPARIS_2026.pdf\" target=\"_blank\" rel=\"noreferrer noopener\">Aermod Hava Kalitesi Da\u011f\u0131l\u0131m <strong>MODEL RAPORU<\/strong> Sipari\u015f Formu(Kurumsal Hava Kalitesi, \u0130l ve \u0130l\u00e7e Hava Kalitesi Senaryolar\u0131,&nbsp;\u00c7ED Raporlar\u0131, PTD Dosyalar\u0131&#8230;)<\/a>&nbsp;<br><a href=\"https:\/\/www.aktel1.com\/tr\/images\/aktel_images\/lakes\/2026\/4_AERMOD_METEOROLOJI_SIPARIS_2026.pdf\" target=\"_blank\" rel=\"noreferrer noopener\"><strong>METEOROLOJ\u0130 VER\u0130 SET\u0130 <\/strong>Sipari\u015f Formu (Aermod, Aermet, Calpuff, Calroads, MM5, WRF ve farkl\u0131 hava kalitesi modelleri i\u00e7in meteoroloji veri seti haz\u0131rlama sipari\u015f formu)<\/a>&nbsp;&nbsp;<\/td><\/tr><tr><td class=\"has-text-align-left\" data-align=\"left\">Online sipari\u015f formlar\u0131 <strong>PDF<\/strong> format\u0131nda g\u00fcvenli olarak verilmi\u015ftir.<br>Yaz\u0131l\u0131m sipari\u015fleriniz de, Aermod View Yaz\u0131l\u0131m\u0131 <strong>G\u00fcncel versiyonu <\/strong>verilmektedir.<br>Meteoroloji veri seti d\u00fczenlemelerinde; <strong>TD6201 Format\u0131(*.ua), Samson Veri Format\u0131(*.sam), y\u00fczey veri seti (*.SFC), anasondaj\/profil veri seti (*.PFL)<\/strong> veri seti olarak haz\u0131rlanmaktad\u0131r. <br>E\u011fitim hizmetleri ayn\u0131 anda maksimum <strong>5 ki\u015fi<\/strong> i\u00e7in verilmektedir.&nbsp;E\u011fitim s\u00fcresi <strong>2(iki)<\/strong> g\u00fcnd\u00fcr.<br>\u00c7ED\/PTD i\u00e7in kullan\u0131lacak model raporu talepleriniz, <strong>emisyon kaynak adeti ve t\u00fcr\u00fcne<\/strong> g\u00f6re fiyatland\u0131rma yap\u0131lm\u0131\u015ft\u0131r.<br>Standart model raporlar\u0131nda azami <strong>3 adet model senaryosu<\/strong> yap\u0131lmaktad\u0131r.<br>Kurumsal hava kalitesi, alansal, b\u00f6lgesel, il ve il\u00e7e hava kalitesi modelleme \u00e7al\u0131\u015fmalar\u0131 i\u00e7in <strong>ayr\u0131ca<\/strong> irtibat kurunuz.<\/td><\/tr><tr><td class=\"has-text-align-left\" data-align=\"left\">T\u00fcm istasyonlar\u0131(2018):&nbsp;<a href=\"https:\/\/www.aktel1.com\/tr\/images\/aktel_images\/lakes\/Genel_2026\/2018_aktel_web.kml\" target=\"_blank\" rel=\"noreferrer noopener\">KML (Google Earth) format\u0131ndan indirmek i\u00e7in t\u0131klay\u0131n\u0131z.<\/a><br>T\u00fcm istasyonlar\u0131(2018):&nbsp;<a href=\"https:\/\/www.aktel1.com\/tr\/images\/aktel_images\/lakes\/Genel_2026\/2018_meteo_aktel.txt\" target=\"_blank\" rel=\"noreferrer noopener\">AERMET View aray\u00fcz\u00fcnde kullanmak i\u00e7in t\u0131klay\u0131n\u0131z.<\/a><br>Aermet View aray\u00fczde &#8220;Meteorological Station Database&#8221; sekmesindeden &#8220;Import&#8221; yapabilirsiniz.&nbsp;Text format\u0131nda verilmi\u015ftir.<br><a href=\"https:\/\/www.aktel1.com\/tr\/images\/aktel_images\/lakes\/Genel_2026\/AERMOD_TANITIM_GENEL_TR_1.pdf\" target=\"_blank\" rel=\"noreferrer noopener\">AERMOD VIEW _&nbsp;<\/a><a href=\"https:\/\/www.aktel1.com\/tr\/images\/aktel_images\/lakes\/Genel_2026\/AERMOD_View_Release_Notes_V.13.0.pdf\" target=\"_blank\" rel=\"noreferrer noopener\">HAVA KAL\u0130TES\u0130 DA\u011eILIM MODEL\u0130&nbsp;<\/a><a href=\"https:\/\/www.aktel1.com\/tr\/images\/aktel_images\/lakes\/Genel_2026\/AERMOD_TANITIM_GENEL_TR_1.pdf\" target=\"_blank\" rel=\"noreferrer noopener\">&#8211; GENEL TANITIM BRO\u015e\u00dcR\u00dcN\u00dc &#8211; \u0130ND\u0130RMEK \u0130\u00c7\u0130N TIKLAYINIZ.<\/a><br><a href=\"https:\/\/www.aktel1.com\/tr\/images\/aktel_images\/lakes\/Genel_2026\/AERMOD_TANITIM_TEKNIK_TR_2.pdf\" target=\"_blank\" rel=\"noreferrer noopener\">AERMOD VIEW _&nbsp;<\/a><a href=\"https:\/\/www.aktel1.com\/tr\/images\/aktel_images\/lakes\/Genel_2026\/AERMOD_View_Release_Notes_V.13.0.pdf\" target=\"_blank\" rel=\"noreferrer noopener\">HAVA KAL\u0130TES\u0130 DA\u011eILIM MODEL\u0130&nbsp;<\/a><a href=\"https:\/\/www.aktel1.com\/tr\/images\/aktel_images\/lakes\/Genel_2026\/AERMOD_TANITIM_TEKNIK_TR_2.pdf\" target=\"_blank\" rel=\"noreferrer noopener\">&#8211; TEKNIK TANITIM BRO\u015e\u00dcR\u00dcN\u00dc \u0130ND\u0130RMEK \u0130\u00c7\u0130N TIKLAYINIZ.<\/a><br><a href=\"https:\/\/www.aktel1.com\/tr\/images\/aktel_images\/lakes\/Genel_2026\/AERMOD_View_Release_Notes_V.13.0.pdf\" target=\"_blank\" rel=\"noreferrer noopener\">AERMOD VIEW _ HAVA KAL\u0130TES\u0130 DA\u011eILIM MODEL\u0130 &#8211; G\u00dcNCEL 13. VERS\u0130YON D\u00d6K\u00dcMANINI &#8211; \u0130ND\u0130RMEK \u0130\u00c7\u0130N TIKLAYINIZ.<\/a><\/td><\/tr><\/tbody><\/table><\/figure>\n\n\n\n<p class=\"has-text-align-center has-medium-font-size\"><strong><a href=\"https:\/\/www.weblakes.com\/company\/distributors.html\" target=\"_blank\" rel=\"noreferrer noopener\">T\u00dcRK\u0130YE VE ORTADO\u011eU ANA BAY\u0130S\u0130 www.weblakes.com<\/a><\/strong>&nbsp;<\/p>\n\n\n\n<hr class=\"wp-block-separator has-text-color has-cyan-bluish-gray-color has-alpha-channel-opacity has-cyan-bluish-gray-background-color has-background is-style-wide\" style=\"margin-top:0px;margin-bottom:0px\"\/>\n\n\n\n<figure class=\"wp-block-table is-style-stripes\"><table><tbody><tr><td><img loading=\"lazy\" decoding=\"async\" width=\"300\" height=\"130\" class=\"wp-image-166\" style=\"width: 300px;\" src=\"https:\/\/www.aktel1.com\/wp2026\/wp-content\/uploads\/2026\/02\/image.png\" alt=\"\" srcset=\"https:\/\/www.aktel1.com\/wp2026\/wp-content\/uploads\/2026\/02\/image.png 1765w, https:\/\/www.aktel1.com\/wp2026\/wp-content\/uploads\/2026\/02\/image-300x130.png 300w, https:\/\/www.aktel1.com\/wp2026\/wp-content\/uploads\/2026\/02\/image-1024x443.png 1024w, https:\/\/www.aktel1.com\/wp2026\/wp-content\/uploads\/2026\/02\/image-768x332.png 768w, https:\/\/www.aktel1.com\/wp2026\/wp-content\/uploads\/2026\/02\/image-1536x664.png 1536w\" sizes=\"auto, (max-width: 300px) 100vw, 300px\" \/><br><\/td><td>Adres: 1330. Sokak No:16\/16 A\u015fa\u011f\u0131 \u00d6ve\u00e7ler \u2013 \u00c7ankaya \u2013 Ankara \u2013 T\u00fcrkiye<br>Telefon:&nbsp;+90 312 472 40 17<br>Mobil :&nbsp;+90 532 333 87 39<br><a href=\"https:\/\/www.aktel1.com\/\" target=\"_blank\" rel=\"noreferrer noopener\">web:&nbsp;http:\/\/www.aktel1.com<\/a><br>e-posta adreslerimiz:&nbsp;<a href=\"mailto:AKTEL@AKTEL1.COM\">AKTEL@AKTEL1.COM<\/a>&nbsp;;&nbsp;<a href=\"mailto:info@aktel1.com\">info@aktel1.com<\/a>&nbsp;;&nbsp;<a href=\"mailto:aktelmuhendislik@gmail.com\">aktelmuhendislik@gmail.com<\/a><br>KEP Hesab\u0131 :<a href=\"mailto:aktel@hs01.kep.tr\">aktel@hs01.kep.tr<\/a>&nbsp;<br>Google Haritalarda G\u00f6ster \/ Konum :&nbsp;<a href=\"https:\/\/goo.gl\/maps\/LGiBnXM2f7y\" target=\"_blank\" rel=\"noreferrer noopener\">https:\/\/goo.gl\/maps\/LGiBnXM2f7y<\/a><\/td><\/tr><\/tbody><\/table><\/figure>\n\n\n\n<hr class=\"wp-block-separator has-text-color has-cyan-bluish-gray-color has-alpha-channel-opacity has-cyan-bluish-gray-background-color has-background is-style-wide\" style=\"margin-top:0px;margin-bottom:0px\"\/>\n\n\n\n<figure class=\"wp-block-table is-style-stripes has-large-font-size\"><table class=\"has-ast-global-color-0-color has-text-color has-link-color has-fixed-layout\"><tbody><tr><td class=\"has-text-align-center\" data-align=\"center\"><strong><em>&#8220;\u00c7EVREN\u0130N M\u00dcHEND\u0130S\u0130 VE DANI\u015eMANI&#8221;<\/em><\/strong><\/td><\/tr><\/tbody><\/table><\/figure>\n\n\n\n<hr class=\"wp-block-separator has-text-color has-cyan-bluish-gray-color has-alpha-channel-opacity has-cyan-bluish-gray-background-color has-background is-style-wide\" style=\"margin-top:0px;margin-bottom:0px\"\/>\n","protected":false},"excerpt":{"rendered":"<p>AKTEL M\u00dcHEND\u0130SL\u0130K, AERMOD VIEW VE WEBLAKES \u00c7EVRESEL YAZILIMLARI T\u00dcRK\u0130YE VE ORTADO\u011eU D\u0130STR\u0130B\u0130T\u00d6R\u00dcD\u00dcR. \u2013\u00a020 Kas\u0131m 2024 tarihinde\u00a0EPA taraf\u0131ndan AERMOD ve AERMET [&hellip;]<\/p>\n","protected":false},"author":1,"featured_media":0,"parent":0,"menu_order":3,"comment_status":"closed","ping_status":"closed","template":"","meta":{"site-sidebar-layout":"default","site-content-layout":"","ast-site-content-layout":"normal-width-container","site-content-style":"default","site-sidebar-style":"default","ast-global-header-display":"","ast-banner-title-visibility":"","ast-main-header-display":"","ast-hfb-above-header-display":"","ast-hfb-below-header-display":"","ast-hfb-mobile-header-display":"","site-post-title":"","ast-breadcrumbs-content":"","ast-featured-img":"","footer-sml-layout":"","ast-disable-related-posts":"","theme-transparent-header-meta":"","adv-header-id-meta":"","stick-header-meta":"","header-above-stick-meta":"","header-main-stick-meta":"","header-below-stick-meta":"","astra-migrate-meta-layouts":"default","ast-page-background-enabled":"default","ast-page-background-meta":{"desktop":{"background-color":"var(--ast-global-color-5)","background-image":"","background-repeat":"repeat","background-position":"center center","background-size":"auto","background-attachment":"scroll","background-type":"","background-media":"","overlay-type":"","overlay-color":"","overlay-opacity":"","overlay-gradient":""},"tablet":{"background-color":"","background-image":"","background-repeat":"repeat","background-position":"center center","background-size":"auto","background-attachment":"scroll","background-type":"","background-media":"","overlay-type":"","overlay-color":"","overlay-opacity":"","overlay-gradient":""},"mobile":{"background-color":"","background-image":"","background-repeat":"repeat","background-position":"center center","background-size":"auto","background-attachment":"scroll","background-type":"","background-media":"","overlay-type":"","overlay-color":"","overlay-opacity":"","overlay-gradient":""}},"ast-content-background-meta":{"desktop":{"background-color":"var(--ast-global-color-4)","background-image":"","background-repeat":"repeat","background-position":"center center","background-size":"auto","background-attachment":"scroll","background-type":"","background-media":"","overlay-type":"","overlay-color":"","overlay-opacity":"","overlay-gradient":""},"tablet":{"background-color":"var(--ast-global-color-4)","background-image":"","background-repeat":"repeat","background-position":"center center","background-size":"auto","background-attachment":"scroll","background-type":"","background-media":"","overlay-type":"","overlay-color":"","overlay-opacity":"","overlay-gradient":""},"mobile":{"background-color":"var(--ast-global-color-4)","background-image":"","background-repeat":"repeat","background-position":"center center","background-size":"auto","background-attachment":"scroll","background-type":"","background-media":"","overlay-type":"","overlay-color":"","overlay-opacity":"","overlay-gradient":""}},"footnotes":""},"class_list":["post-92","page","type-page","status-publish","hentry"],"_links":{"self":[{"href":"https:\/\/www.aktel1.com\/wp2026\/wp-json\/wp\/v2\/pages\/92","targetHints":{"allow":["GET"]}}],"collection":[{"href":"https:\/\/www.aktel1.com\/wp2026\/wp-json\/wp\/v2\/pages"}],"about":[{"href":"https:\/\/www.aktel1.com\/wp2026\/wp-json\/wp\/v2\/types\/page"}],"author":[{"embeddable":true,"href":"https:\/\/www.aktel1.com\/wp2026\/wp-json\/wp\/v2\/users\/1"}],"replies":[{"embeddable":true,"href":"https:\/\/www.aktel1.com\/wp2026\/wp-json\/wp\/v2\/comments?post=92"}],"version-history":[{"count":19,"href":"https:\/\/www.aktel1.com\/wp2026\/wp-json\/wp\/v2\/pages\/92\/revisions"}],"predecessor-version":[{"id":472,"href":"https:\/\/www.aktel1.com\/wp2026\/wp-json\/wp\/v2\/pages\/92\/revisions\/472"}],"wp:attachment":[{"href":"https:\/\/www.aktel1.com\/wp2026\/wp-json\/wp\/v2\/media?parent=92"}],"curies":[{"name":"wp","href":"https:\/\/api.w.org\/{rel}","templated":true}]}}