{"id":93,"date":"2026-02-10T15:51:36","date_gmt":"2026-02-10T12:51:36","guid":{"rendered":"https:\/\/www.aktel1.com\/wp2026\/?page_id=93"},"modified":"2026-02-11T15:40:42","modified_gmt":"2026-02-11T12:40:42","slug":"referanslar","status":"publish","type":"page","link":"https:\/\/www.aktel1.com\/wp2026\/referanslar\/","title":{"rendered":"REFERANSLAR"},"content":{"rendered":"\n<figure class=\"wp-block-table is-style-stripes\"><table class=\"has-fixed-layout\"><tbody><tr><td><strong><mark style=\"background-color:var(--ast-global-color-7)\" class=\"has-inline-color\">\u00c7ED RAPORU REFERANSLARI<\/mark><\/strong><br>\u0130STANBUL 3. HAVA L\u0130MANI<br>ANKARA\u2013ESK\u0130\u015eEH\u0130R\u2013K\u00dcTAHYA\u2013 AFYON \u2013 U\u015eAK-MAN\u0130SA OTOYOLU (502 km) <br>\u0130STANBUL-TEK\u0130RDA\u011e-\u00c7ANAKKALE-BALIKES\u0130R OTOYOLU (322 km) <br>ADANA KATI ATIK DEPOLAMA TES\u0130S\u0130 <br>ANKARA \u00c7AYIRHAN-B TERM\u0130K SANTRAL\u0130 <br>ANKARA YILDIRIM BEYAZIT \u00dcN\u0130VERS\u0130TES\u0130 \u00c7UBUK E\u011e\u0130T\u0130M KAMP\u00dcS\u00dc <br>ARTV\u0130N GEN\u00c7L\u0130K SPOR GN.M\u00dcD. KAYAK TES\u0130SLER\u0130 <br>BALIKES\u0130R\u2013GALATA \/ \u015eAH RES <br>KARS-DS\u0130 \/TUZLUCA BARAJI VE HES S\u0130VAS-KATI ATIK DEPOLAMA TES\u0130S\u0130&nbsp;<br><br><strong><mark style=\"background-color:var(--ast-global-color-7)\" class=\"has-inline-color\">DO\u011eAL &amp; \u00c7EVRE KORUMA &amp; EKOLOJ\u0130 REFERANSLARI<\/mark><\/strong><br>\u0130STANBUL, \u0130SK\u0130 \u0130\u00c7ME SUYU HAVZALARI, KENT ORMANLARI VE KORULARININ FLORA, FAUNA VE TOPRAK ANAL\u0130Z\u0130 \u0130LE EKOLOJ\u0130K R\u0130SK DE\u011eERLEND\u0130RMES\u0130<br>SAMSUN-YE\u015e\u0130L IRMAK DELTASI SULAK ALAN ALT HAVZASI B\u0130YOLOJ\u0130K \u00c7E\u015e\u0130TL\u0130L\u0130K PROJES\u0130<br>MU\u011eLA-DO\u011eAL S\u0130T ALANLARI \u00d6N DE\u011eERLEND\u0130RME PROJES\u0130<br>ANKARA-G\u00d6LBA\u015eI \u00d6ZEL \u00c7EVRE KORUMA PROJES\u0130<br>ADANA-A\u011eYATAN SULAK ALAN Y\u00d6NET\u0130M PLANI B\u0130YOKA\u00c7AK\u00c7ILIKLA M\u00dcCADELE PROJES\u0130<br>ADIYAMAN-AMASYA-ARDAHAN-BALIKES\u0130R-BAYBURT-ERZ\u0130NCAN-HATAY-K\u00dcTAHYA-MERS\u0130N-ZONGULDAK B\u0130YOLOJ\u0130K \u00c7E\u015e\u0130TL\u0130L\u0130K \u0130L ENVANTER\u0130 PROJELER\u0130<br>\u00c7ORUM B\u0130YOLOJ\u0130K GELENEKSEL B\u0130LG\u0130 TOPLAMA PROJES\u0130<br>ADAPAZARI SAPANCA G\u00d6L\u00dc SULAK ALAN Y\u00d6NET\u0130M PLANI<br>ERZURUM TORTUM G\u00d6L\u00dc SULAK ALAN Y\u00d6NET\u0130M PLANI<br>B\u0130TL\u0130S NEMRUT KALDERASI TAB\u0130AT ANITI VE RAMSAR ALANI Y\u00d6NET\u0130M PLANI PROJES\u0130<br><br><mark style=\"background-color:var(--ast-global-color-7)\" class=\"has-inline-color\"><strong>TARIMA DAYALI \u0130HT\u0130SAS BES\u0130 OSB REFERANSLARI<\/strong><\/mark><br>ANKARA -\u00c7UBUK BES\u0130 TD\u0130 OSB <br>ESK\u0130\u015eEH\u0130R-BEYL\u0130K OVA BES\u0130 TD\u0130OSB <br>G\u00dcM\u00dc\u015eHANE-KELK\u0130T BES\u0130 TD\u0130OSB <br>D\u0130YARBAKIR-S\u00dcT TD\u0130OSB <br>\u015eANLIURFA-BES\u0130 TD\u0130OSB<br><br><mark style=\"background-color:var(--ast-global-color-7)\" class=\"has-inline-color\"><strong>ATIKSU \/ DER\u0130N DEN\u0130Z DE\u015eARJI PROJE ONAY REFERANSLARI<\/strong><\/mark><br>\u0130ZM\u0130R-\u0130ZDEM\u0130R ENERJ\u0130 SANTRAL\u0130 END\u00dcSTR\u0130YEL ATIKSU ARITMA TES\u0130S\u0130 <br>KOCAEL\u0130-CUMAK\u00d6Y, UMUTTEPE, SUCUAL\u0130, SEYREK, KULLAR, D\u0130LOVASI ATIKSU ARITMA TES\u0130S\u0130 <br>G\u0130RESUN-KATI ATIK DEPOLAMA SIZINTI SUYU&nbsp;ATIKSU ARITMA TES\u0130S\u0130 <br>S\u0130NOP \u00dcNV. DEN\u0130Z BALIKLARI TES\u0130S\u0130 DER\u0130N DEN\u0130Z DE\u015eARJI PROJES\u0130 <br>ED\u0130RNE-KE\u015eAN BELED\u0130YES\u0130 ATIKSU ARITMA TES\u0130S\u0130<br><br><strong><mark style=\"background-color:var(--ast-global-color-7)\" class=\"has-inline-color\">D\u0130\u011eER PROJE REFERANSLARI<\/mark><\/strong><br>\u0130KL\u0130M DE\u011e\u0130\u015e\u0130KL\u0130\u011e\u0130NE Y\u00d6NEL\u0130K TOPLUMSAL FARKINDALIK PROJES\u0130, <br>KONYA OVASI PROJES\u0130 \/ KOP B\u00d6LGES\u0130NDEK\u0130 K\u00dcLT\u00dcR VARLIKLARININ ENVANTER\u0130 PROJES\u0130, <br>KONYA TEM\u0130Z HAVA MERKEZ\u0130, KONYA MERKEZ HAVA KAL\u0130TES\u0130 MODEL\u0130, <br>ESK\u0130\u015eEH\u0130R, BAKIR ENERJ\u0130 IFC\u2013S\u00c7ED PROJES\u0130,<br>\u0130STANBUL, AVCILAR, E\u00dcA\u015e, DO\u011eALGAZ SANTRAL\u0130, \u00c7EVRESEL VE SOSYAL ETK\u0130 DE\u011eERLEND\u0130RMES\u0130 (\u00c7SED)<br>DO\u011eA KORUM VE M\u0130LL\u0130 PARKLAR, KAMP KARAVAN PROJES\u0130,<br>D\u0130YARBAKIR, D\u0130CLE \/ \u00c7INAR \u0130L\u00c7ELER\u0130 KIRSAL KALKINMA PROJES\u0130<br><br><strong><mark style=\"background-color:var(--ast-global-color-7)\" class=\"has-inline-color\">SEKT\u00d6R VE\/VEYA \u0130L BAZILI REFERANSLAR \u0130\u00c7\u0130N \u0130RT\u0130BAT SA\u011eLAYINIZ&#8230; <\/mark><\/strong><\/td><\/tr><\/tbody><\/table><\/figure>\n\n\n\n<hr class=\"wp-block-separator has-text-color has-cyan-bluish-gray-color has-alpha-channel-opacity has-cyan-bluish-gray-background-color has-background is-style-wide\" style=\"margin-top:0px;margin-bottom:0px\"\/>\n\n\n\n<figure class=\"wp-block-table is-style-stripes\"><table><tbody><tr><td><img loading=\"lazy\" decoding=\"async\" width=\"300\" height=\"130\" class=\"wp-image-166\" style=\"width: 300px;\" src=\"https:\/\/www.aktel1.com\/wp2026\/wp-content\/uploads\/2026\/02\/image.png\" alt=\"\" srcset=\"https:\/\/www.aktel1.com\/wp2026\/wp-content\/uploads\/2026\/02\/image.png 1765w, https:\/\/www.aktel1.com\/wp2026\/wp-content\/uploads\/2026\/02\/image-300x130.png 300w, https:\/\/www.aktel1.com\/wp2026\/wp-content\/uploads\/2026\/02\/image-1024x443.png 1024w, https:\/\/www.aktel1.com\/wp2026\/wp-content\/uploads\/2026\/02\/image-768x332.png 768w, https:\/\/www.aktel1.com\/wp2026\/wp-content\/uploads\/2026\/02\/image-1536x664.png 1536w\" sizes=\"auto, (max-width: 300px) 100vw, 300px\" \/><br><\/td><td>Adres: 1330. Sokak No:16\/16 A\u015fa\u011f\u0131 \u00d6ve\u00e7ler \u2013 \u00c7ankaya \u2013 Ankara \u2013 T\u00fcrkiye<br>Telefon:&nbsp;+90 312 472 40 17<br>Mobil :&nbsp;+90 532 333 87 39<br><a href=\"https:\/\/www.aktel1.com\/\" target=\"_blank\" rel=\"noreferrer noopener\">web:&nbsp;http:\/\/www.aktel1.com<\/a><br>e-posta adreslerimiz:&nbsp;<a href=\"mailto:AKTEL@AKTEL1.COM\">AKTEL@AKTEL1.COM<\/a>&nbsp;;&nbsp;<a href=\"mailto:info@aktel1.com\">info@aktel1.com<\/a>&nbsp;;&nbsp;<a href=\"mailto:aktelmuhendislik@gmail.com\">aktelmuhendislik@gmail.com<\/a><br>KEP Hesab\u0131 :<a href=\"mailto:aktel@hs01.kep.tr\">aktel@hs01.kep.tr<\/a>&nbsp;<br>Google Haritalarda G\u00f6ster \/ Konum :&nbsp;<a href=\"https:\/\/goo.gl\/maps\/LGiBnXM2f7y\" target=\"_blank\" rel=\"noreferrer noopener\">https:\/\/goo.gl\/maps\/LGiBnXM2f7y<\/a><\/td><\/tr><\/tbody><\/table><\/figure>\n\n\n\n<hr class=\"wp-block-separator has-text-color has-cyan-bluish-gray-color has-alpha-channel-opacity has-cyan-bluish-gray-background-color has-background is-style-wide\" style=\"margin-top:0px;margin-bottom:0px\"\/>\n\n\n\n<figure class=\"wp-block-table is-style-stripes has-large-font-size\"><table class=\"has-ast-global-color-0-color has-text-color has-link-color has-fixed-layout\"><tbody><tr><td class=\"has-text-align-center\" data-align=\"center\"><strong><em>&#8220;\u00c7EVREN\u0130N M\u00dcHEND\u0130S\u0130 VE DANI\u015eMANI&#8221;<\/em><\/strong><\/td><\/tr><\/tbody><\/table><\/figure>\n\n\n\n<hr class=\"wp-block-separator has-text-color has-cyan-bluish-gray-color has-alpha-channel-opacity has-cyan-bluish-gray-background-color has-background is-style-wide\" style=\"margin-top:0px;margin-bottom:0px\"\/>\n\n\n\n<p><\/p>\n","protected":false},"excerpt":{"rendered":"<p>\u00c7ED RAPORU REFERANSLARI\u0130STANBUL 3. HAVA L\u0130MANIANKARA\u2013ESK\u0130\u015eEH\u0130R\u2013K\u00dcTAHYA\u2013 AFYON \u2013 U\u015eAK-MAN\u0130SA OTOYOLU (502 km) \u0130STANBUL-TEK\u0130RDA\u011e-\u00c7ANAKKALE-BALIKES\u0130R OTOYOLU (322 km) ADANA KATI ATIK DEPOLAMA [&hellip;]<\/p>\n","protected":false},"author":1,"featured_media":0,"parent":0,"menu_order":4,"comment_status":"closed","ping_status":"closed","template":"","meta":{"site-sidebar-layout":"default","site-content-layout":"","ast-site-content-layout":"default","site-content-style":"default","site-sidebar-style":"default","ast-global-header-display":"","ast-banner-title-visibility":"","ast-main-header-display":"","ast-hfb-above-header-display":"","ast-hfb-below-header-display":"","ast-hfb-mobile-header-display":"","site-post-title":"","ast-breadcrumbs-content":"","ast-featured-img":"","footer-sml-layout":"","ast-disable-related-posts":"","theme-transparent-header-meta":"","adv-header-id-meta":"","stick-header-meta":"","header-above-stick-meta":"","header-main-stick-meta":"","header-below-stick-meta":"","astra-migrate-meta-layouts":"default","ast-page-background-enabled":"default","ast-page-background-meta":{"desktop":{"background-color":"var(--ast-global-color-5)","background-image":"","background-repeat":"repeat","background-position":"center center","background-size":"auto","background-attachment":"scroll","background-type":"","background-media":"","overlay-type":"","overlay-color":"","overlay-opacity":"","overlay-gradient":""},"tablet":{"background-color":"","background-image":"","background-repeat":"repeat","background-position":"center center","background-size":"auto","background-attachment":"scroll","background-type":"","background-media":"","overlay-type":"","overlay-color":"","overlay-opacity":"","overlay-gradient":""},"mobile":{"background-color":"","background-image":"","background-repeat":"repeat","background-position":"center center","background-size":"auto","background-attachment":"scroll","background-type":"","background-media":"","overlay-type":"","overlay-color":"","overlay-opacity":"","overlay-gradient":""}},"ast-content-background-meta":{"desktop":{"background-color":"var(--ast-global-color-4)","background-image":"","background-repeat":"repeat","background-position":"center center","background-size":"auto","background-attachment":"scroll","background-type":"","background-media":"","overlay-type":"","overlay-color":"","overlay-opacity":"","overlay-gradient":""},"tablet":{"background-color":"var(--ast-global-color-4)","background-image":"","background-repeat":"repeat","background-position":"center center","background-size":"auto","background-attachment":"scroll","background-type":"","background-media":"","overlay-type":"","overlay-color":"","overlay-opacity":"","overlay-gradient":""},"mobile":{"background-color":"var(--ast-global-color-4)","background-image":"","background-repeat":"repeat","background-position":"center center","background-size":"auto","background-attachment":"scroll","background-type":"","background-media":"","overlay-type":"","overlay-color":"","overlay-opacity":"","overlay-gradient":""}},"footnotes":""},"class_list":["post-93","page","type-page","status-publish","hentry"],"_links":{"self":[{"href":"https:\/\/www.aktel1.com\/wp2026\/wp-json\/wp\/v2\/pages\/93","targetHints":{"allow":["GET"]}}],"collection":[{"href":"https:\/\/www.aktel1.com\/wp2026\/wp-json\/wp\/v2\/pages"}],"about":[{"href":"https:\/\/www.aktel1.com\/wp2026\/wp-json\/wp\/v2\/types\/page"}],"author":[{"embeddable":true,"href":"https:\/\/www.aktel1.com\/wp2026\/wp-json\/wp\/v2\/users\/1"}],"replies":[{"embeddable":true,"href":"https:\/\/www.aktel1.com\/wp2026\/wp-json\/wp\/v2\/comments?post=93"}],"version-history":[{"count":22,"href":"https:\/\/www.aktel1.com\/wp2026\/wp-json\/wp\/v2\/pages\/93\/revisions"}],"predecessor-version":[{"id":442,"href":"https:\/\/www.aktel1.com\/wp2026\/wp-json\/wp\/v2\/pages\/93\/revisions\/442"}],"wp:attachment":[{"href":"https:\/\/www.aktel1.com\/wp2026\/wp-json\/wp\/v2\/media?parent=93"}],"curies":[{"name":"wp","href":"https:\/\/api.w.org\/{rel}","templated":true}]}}